) = -h**3 + 7*h**2 + 8*h - 3. Calculate g(8).
-3
Let a(h) = -h**2 + 8*h - 16. Give a(7).
-9
Let h(b) = b**2 - 12*b + 1. Determine h(10).
-19
Let b(n) = n**2 + 1. What is b(-3)?
10
Let b(h) = -8*h + 49. Determine b(9).
-23
Let b(q) = -4*q - 6. Calculate b(-4).
10
Let z(f) = -f**2 - 34*f - 24. Calculate z(-33).
9
Let a(i) = i**2 - 8*i - 16. Give a(9).
-7
Let j(h) = -h**3 + 4*h**2 + 8*h. Determine j(6).
-24
Let x(p) = -6*p - 4. Calculate x(6).
-40
Let t(h) = h**3 - 6*h**2 - 19*h + 11. Give t(8).
-13
Let d(o) = -o**3 + 56*o**2 + o - 61. Calculate d(56).
-5
Let z(x) = x - 7. Give z(3).
-4
Let b(d) = -d**3 - 35*d**2 - 147*d + 95. What is b(-30)?
5
Let p(q) = -q**2 + q + 8. Calculate p(6).
-22
Let d(r) = -r**2 + 11*r - 3. Determine d(10).
7
Let l(x) = x**2 + 10*x - 1. What is l(-10)?
-1
Let w(t) = t - 15. Determine w(8).
-7
Let u(f) = -f**2 + 23*f - 12. Give u(21).
30
Let f(g) = g**2 + 12*g - 18. Give f(-11).
-29
Let j(g) = g**3 + 9*g**2 + 8. Calculate j(-9).
8
Let d(q) = q**3 + 5*q**2 - 7*q - 7. Determine d(-6).
-1
Let h(d) = 19*d**2 + 2. Give h(1).
21
Let w(l) = 37*l**2 - 2*l + 3. Calculate w(1).
38
Let p(n) = 11*n - 4. Determine p(7).
73
Let t(z) = -11*z**2 + 4*z - 2. Give t(2).
-38
Let y(l) = -l**3 + 6*l**2 + 11*l - 7. Determine y(7).
21
Let k(o) = o**3 + 34*o**2 + 61*o - 103. Calculate k(-32).
-7
Let l(z) = 4*z - 7. What is l(-3)?
-19
Let j(f) = 4*f - 58. What is j(16)?
6
Let j(t) = t**3 - 30*t**2 + 71*t + 276. Determine j(27).
6
Let y(h) = -h**2 + h + 51. Determine y(0).
51
Let q(p) = p**2 - 20*p + 6. Determine q(20).
6
Let h(s) = -7*s - 53. Determine h(-6).
-11
Let r(v) = 5*v - 44. What is r(-6)?
-74
Let j(o) = 6*o + 20. Give j(-5).
-10
Let i(u) = -u**3 + 40*u + 23. What is i(-6)?
-1
Let g(h) = -h**3 + 5*h**2 + 24*h - 2. What is g(8)?
-2
Let u(v) = -30*v + 216. Determine u(7).
6
Let x(u) = -16*u + 85. What is x(8)?
-43
Let l(t) = t**3 - 28*t**2 + 118*t - 73. What is l(23)?
-4
Let r(t) = 2*t**3 - 13*t**2 + 12*t + 2. Give r(5).
-13
Let v(u) = -u**3 + 25*u**2 - 66*u - 2. Give v(22).
-2
Let m(g) = g - 24. What is m(24)?
0
Let q(w) = w**2 - 3*w - 4. What is q(3)?
-4
Let q(o) = 6*o**2 - 364*o - 118. Calculate q(61).
4
Let w(q) = q + 11. Determine w(-5).
6
Let w(g) = g**3 - 19*g**2 + 51*g - 46. Give w(16).
2
Let y(i) = i - 6. What is y(2)?
-4
Let v(g) = -g**3 - 3*g**2 - 5*g - 6. Give v(-3).
9
Let u(q) = -q**2 + 8*q - 2. Calculate u(7).
5
Let k(r) = r**3 + 4*r**2 - 18*r + 15. Determine k(2).
3
Let c(u) = u**3 + 6*u**2 + 5*u + 1. Give c(-4).
13
Let c(s) = -s**2 + 25*s - 156. What is c(11)?
-2
Let q(l) = 2*l**2 + l - 3. Give q(-2).
3
Let r(p) = 6*p - 55. Calculate r(10).
5
Let u(m) = 4*m**2 - m + 2. Determine u(-3).
41
Let s(p) = -4*p**3 - 2*p**2 - 3*p - 9. What is s(-4)?
227
Let i(o) = -o**3 - 8*o**2 - 5*o + 3. Give i(-7).
-11
Let h(q) = q - 43. What is h(22)?
-21
Let g(d) = -3*d**2 - 3*d + 2. Determine g(-3).
-16
Let r(k) = 2*k**2 + 11*k + 23. Determine r(-11).
144
Let l(p) = 28*p + 190. What is l(-7)?
-6
Let i(l) = l**2 - 14. Give i(6).
22
Let o(r) = r**2 - 25*r - 16. Give o(24).
-40
Let c(d) = -21*d + 84. Give c(5).
-21
Let q(w) = 19*w + 2. What is q(3)?
59
Let w(o) = -6*o - 58. Determine w(-14).
26
Let q(j) = -2*j - 17. Give q(5).
-27
Let r(f) = -f**3 - 10*f**2 - 8*f + 9. Calculate r(-9).
0
Let u(v) = v**2 + 6*v + 13. Give u(-3).
4
Let s(h) = -2*h**3 - h**2 + h - 2. Give s(-2).
8
Let j(x) = -x**3 - 2*x**2 + x - 2. What is j(-3)?
4
Let o(x) = 2*x + 38. Determine o(-16).
6
Let c(v) = -v**2 + 27*v - 178. Determine c(10).
-8
Let a(q) = 2*q**2 - 21*q - 11. Calculate a(7).
-60
Let l(c) = c**2 - 17*c + 25. What is l(19)?
63
Let m(r) = r**3 - 14*r**2 + 19*r - 18. Calculate m(12).
-78
Let x(z) = -z. Calculate x(-4).
4
Let s(b) = b**2 - 17*b + 51. Determine s(9).
-21
Let q(v) = -3*v**3 - 15*v**2 - 4*v + 9. Give q(-3).
-33
Let m(c) = 10*c - 25. Calculate m(5).
25
Let r(u) = -u**2 - 21*u + 228. Give r(8).
-4
Let k(r) = r**3 - 6*r**2 + 5*r - 10. What is k(4)?
-22
Let o(j) = -j**3 - 2*j**2 + 4*j + 4. What is o(-4)?
20
Let w(y) = -y**3 + 9*y**2 - 8*y - 20. Give w(8).
-20
Let u(g) = 48*g + 180. Determine u(-4).
-12
Let t(b) = b**3 - b + 1. Determine t(1).
1
Let m(h) = -4*h + 2. Give m(2).
-6
Let u(t) = -t**2 - 3*t + 16. Determine u(-7).
-12
Let n(h) = h**2 - 18*h + 37. Give n(15).
-8
Let c(l) = -12*l**2 + 11*l + 1. Determine c(2).
-25
Let i(a) = a - 8. Determine i(10).
2
Let h(g) = 10*g + 7. What is h(2)?
27
Let y(k) = k**2 + 43*k - 349. Give y(-50).
1
Let y(q) = q**3 + 7*q**2 - 61*q - 33. Give y(-12).
-21
Let i(n) = -10*n + 129. What is i(11)?
19
Let v(o) = 2*o**2 + 22*o + 47. Calculate v(-7).
-9
Let x(w) = 32*w + 1. Determine x(-2).
-63
Let n(a) = a + 3. Determine n(-4).
-1
Let r(d) = -22*d - 118. Determine r(-5).
-8
Let r(u) = 9*u + 57. What is r(-7)?
-6
Let d(u) = 13*u - 3. Calculate d(3).
36
Let o(g) = -g + 1. Calculate o(-8).
9
Let a(g) = 8*g - 113. What is a(14)?
-1
Let n(x) = 3*x**2 + 27*x + 12. What is n(-10)?
42
Let h(c) = 2*c**3 + 3*c + 2. Calculate h(-1).
-3
Let a(p) = -14*p - 6. Determine a(5).
-76
Let k(l) = -l**2 - 21*l + 265. Determine k(9).
-5
Let f(r) = -r**3 - 7*r**2 - 2*r - 19. Give f(-7).
-5
Let t(u) = u**2 - 6*u - 6. Calculate t(6).
-6
Let x(o) = 5*o - 14. Calculate x(10).
36
Let c(h) = h**3 - 39*h**2 - 127*h + 35. What is c(42)?
-7
Let p(o) = o**3 - 8*o**2 + 10*o + 1. Give p(7).
22
Let b(n) = -2*n + 1. What is b(5)?
-9
Let o(y) = y**3 + 7*y**2 + 9*y + 18. Determine o(-6).
0
Let g(t) = t**3 - 13*t**2 + 21*t + 9. Give g(11).
-2
Let q(z) = -10*z + 7. Give q(5).
-43
Let s(b) = -3*b**3 - b**2 + 4*b - 1. Calculate s(2).
-21
Let a(y) = y - 10. Determine a(10).
0
Let f(p) = p**2 + 19*p + 26. Determine f(-17).
-8
Let k(a) = 3*a - 4. Determine k(-11).
-37
Let g(t) = -t**3 + 9*t**2 - 3*t + 13. Determine g(9).
-14
Let l(p) = -3*p - 42. Calculate l(-14).
0
Let h(s) = -s**2 - 3*s + 4. Give h(-11).
-84
Let w(a) = a + 25. Calculate w(-4).
21
Let b(g) = 6*g**2 - 6*g + 4. Give b(1).
4
Let j(r) = -r - 3. What is j(4)?
-7
Let o(z) = -2*z**2 - 11*z - 23. Determine o(-4).
-11
Let s(z) = z**3 - 20*z**2 + 19*z + 3. Calculate s(19).
3
Let b(g) = g**3 + g**2 - 8*g + 2. Calculate b(3).
14
Let x(f) = 8*f - 106. Give x(12).
-10
Let d(a) = -a**2 + 9*a - 17. Give d(-7).
-129
Let o(g) = -8*g + 1. What is o(-3)?
25
Let i(g) = -3*g**3 + 9*g**2 + 3*g + 4. Determine i(3).
13
Let a(c) = -9*c - 7. Calculate a(2).
-25
Let s(x) = -x**2 + 16*x + 3. Calculate s(4).
51
Let i(p) = -17*p - 5. Calculate i(-2).
29
Let t(m) = -10*m + 45. What is t(5)?
-5
Let i(u) = u**3 + 5*u**2 - 6*u + 4. Determine i(-6).
4
Let n(a) = -67*a - 333. Give n(-5).
2
Let f(i) = 3*i**2 + i + 1. What is f(-1)?
3
Let u(w) = -5*w - 4. Calculate u(4).
-24
Let o(h) = -6*h - 3. Give o(3).
-21
Let f(r) = 12*r + 24. Calculate f(0).
24
Let k(i) = 4*i + 5. Calculate k(-6).
-19
Let h(d) = d**2 + 10*d - 10. Determine h(-13).
29
Let l(m) = m**3 - 5*m**2 - 25*m + 9. Determine l(8).
1
Let q(j) = -4*j**2 + 2*j - 2. Calculate q(2).
-14
Let x(p) = -45*p + 186. Determine x(4).
6
Let l(g) = 36*g - 18. Determine l(-3).
-126
Let m(p) = -5*p + 57. What is m(12)?
-3
Let m(o) = -2*o**3 - o**2 + 7. Give m(0).
7
Let f(o) = o**2 - 10*o + 15. Determine f(6).
-9
Let l(y) = -32*y**2 + y - 1. Determine l(1).
-32
Let r(i) = i + 3. What is r(-2)?
1
Let b(c) = -c**3 - 21*c**2 - 20*c - 8. Give b(-20).
-8
Let v(o) = 2*o**2 - o - 2. Calculate v(-3).
19
Let u(x) = -21*x**2 + x - 2. Give u(2).
-84
Let w(a) = -a - 11. Determine w(-13).
2
Let i(b) = -b**3 + 13*b**2 - 17*b - 12. What is i(12)?
-72
Let a(i) = 8*i. Calculate a(4).
32
Let s(i) = -10*i + 5. Determine s(5).
-45
Let n(s) = -s**2 - 9*s + 29. Give n(-11).
7
Let n(i) = -4*i**2 + 2. What is n(1)?
-2
Let c(v) = -v**2 + 2*v + 6. What is c(0)?
6
Let n(y) = 12*y**3 - y**2 - y. Calculate n(-1).
-12
Let d(a) = a + 16. Calculate d(-23).
-7
Let a(w) = w**3 - 29*w**2 - 2*w + 54. What is a(29)?
-4
Let d(l) = -7*l - 485. Give d(-69).
-2
Let v(b) = -b**2 + 3*b. What is v(-2)?
-10
Let x(u) = -45*u - 626. What is x(-14)?
4
Let f(n) = n**3 - 14*n**2 - 15*n - 11. Calculate f(15).
-11
Let d(x) = 3*x**2 - 2. Calculate d(-2).
10
Let p(r) = -2*r**2 + 15*r - 33. Calculate p(3).
-6
Let b(y) = 39*y - 1719. What is b(44)?
-3
Let q(u) = -u**2 - 19*u + 42. Give q(-21).
0
Let z(b) = -16*b - 1. Calculate z(0).
-1
Let c